{"id":10347,"date":"2018-01-21T16:14:03","date_gmt":"2018-01-21T16:14:03","guid":{"rendered":"http:\/\/inserts.org.uk\/?page_id=10347"},"modified":"2021-02-15T17:24:05","modified_gmt":"2021-02-15T17:24:05","slug":"los-albumes-explicados","status":"publish","type":"page","link":"https:\/\/inserts.org.uk\/index.php\/es\/albumes\/los-albumes-explicados\/","title":{"rendered":"Los \u00e1lbumes explicados"},"content":{"rendered":"<p>Con el fin de animar a la gente a coleccionar las Fototipias, el <strong><a href=\"http:\/\/inserts.org.uk\/index.php\/es\/gremio-de-fabricantes-de-fosforos-de-espana-2\/\">Gremio<\/a><\/strong> encarg\u00f3 una cantidad de \u00e1lbumes y hojas sueltas especialmente dise\u00f1ados para las Fototipias, que se pod\u00edan comprar en varios puntos de venta:<\/p>\n<ul>\n<li>Para las <strong>Series 1 a 16<\/strong> pon\u00edan disponibles <a href=\"http:\/\/inserts.org.uk\/index.php\/es\/albumes\/serie-1-a-16-laminas\/\"><strong>l\u00e1minas individuales,<\/strong><\/a>&nbsp;ocho l\u00e1minas por cada Serie<\/li>\n<li>Para las <strong>Series 18 a 31<\/strong>&nbsp;<strong>y la Especial<\/strong> se pon\u00edan disponibles <a href=\"http:\/\/inserts.org.uk\/index.php\/es\/albumes\/serie-18-a-31-albumes\/\"><strong>\u00e1lbumes<\/strong><\/a><\/li>\n<\/ul>\n<p>No existen&nbsp;l\u00e1minas ni \u00e1lbumes ning\u00fanos para las Series 17, 32, 33, A, B y C.&nbsp;<\/p>\n<p><span lang=\"es\">Una cantidad de <strong><a href=\"http:\/\/inserts.org.uk\/index.php\/es\/albumes\/albumes-no-oficiales\/\">\u00e1lbumes no oficiales<\/a><\/strong> tambi\u00e9n estaban disponibles.<\/span><\/p>\n<h2><strong>L\u00c1MINAS INDIVIDUALES<\/strong><\/h2>\n<figure id=\"attachment_30115\" class=\"alignleft fixed\" style=\"width: 510px;\"><a class=\"zoom-hover fb\" data-fancybox-group=\"post-10347\" data-fancybox-title=\"L\u00e1mina 6, en blanco, para la Serie 12\" href=\"http:\/\/inserts.org.uk\/wp-content\/uploads\/2020\/02\/Blank-lamina-s12-p6-1.jpg\"><img loading=\"lazy\" decoding=\"async\" class=\"wp-image-30115\" src=\"http:\/\/inserts.org.uk\/wp-content\/uploads\/2020\/02\/Blank-lamina-s12-p6-1.jpg\" alt=\"\" width=\"510\" height=\"371\" srcset=\"https:\/\/inserts.org.uk\/wp-content\/uploads\/2020\/02\/Blank-lamina-s12-p6-1.jpg 7008w, https:\/\/inserts.org.uk\/wp-content\/uploads\/2020\/02\/Blank-lamina-s12-p6-1-300x218.jpg 300w, https:\/\/inserts.org.uk\/wp-content\/uploads\/2020\/02\/Blank-lamina-s12-p6-1-768x559.jpg 768w, https:\/\/inserts.org.uk\/wp-content\/uploads\/2020\/02\/Blank-lamina-s12-p6-1-1024x745.jpg 1024w, https:\/\/inserts.org.uk\/wp-content\/uploads\/2020\/02\/Blank-lamina-s12-p6-1-82x60.jpg 82w, https:\/\/inserts.org.uk\/wp-content\/uploads\/2020\/02\/Blank-lamina-s12-p6-1-56x41.jpg 56w, https:\/\/inserts.org.uk\/wp-content\/uploads\/2020\/02\/Blank-lamina-s12-p6-1-1090x793.jpg 1090w, https:\/\/inserts.org.uk\/wp-content\/uploads\/2020\/02\/Blank-lamina-s12-p6-1-535x389.jpg 535w, https:\/\/inserts.org.uk\/wp-content\/uploads\/2020\/02\/Blank-lamina-s12-p6-1-350x255.jpg 350w, https:\/\/inserts.org.uk\/wp-content\/uploads\/2020\/02\/Blank-lamina-s12-p6-1-258x188.jpg 258w, https:\/\/inserts.org.uk\/wp-content\/uploads\/2020\/02\/Blank-lamina-s12-p6-1-1140x830.jpg 1140w, https:\/\/inserts.org.uk\/wp-content\/uploads\/2020\/02\/Blank-lamina-s12-p6-1-1920x1397.jpg 1920w, https:\/\/inserts.org.uk\/wp-content\/uploads\/2020\/02\/Blank-lamina-s12-p6-1-112x82.jpg 112w\" sizes=\"auto, (max-width: 510px) 100vw, 510px\" \/><\/a><figcaption>L\u00e1mina 6, en blanco, para la Serie 12<\/figcaption><\/figure>\n<p>Son hojas de cartulina, illustradas con una decoraci\u00f3n espl\u00e9ndida de estilo art nouveau en la que el coleccionista pod\u00eda montar las Fototipias individuales para las <strong>Series 1 a 16<\/strong>.&nbsp;Se dejaron espacios dentro del dise\u00f1o en forma de una l\u00ednea completa o punteada del tama\u00f1o aproximado y el contorno de las Fototipias. Fueron dise\u00f1adas como p\u00e1ginas de \u00e1lbum pero sin una portada.&nbsp;<span lang=\"es\">Ocho l\u00e1minas formaron un conjunto para cada Serie&nbsp;<\/span><span lang=\"es\">(salvo las Series 10 y 11 que ten\u00edan solo seis hojas).&nbsp;<\/span><span lang=\"es\">En casi todas las l\u00e1minas se imprimieron el n\u00famero de Serie y el n\u00famero de l\u00e1mina.&nbsp;<\/span>Cada <span lang=\"es\">l\u00e1mina&nbsp;<\/span>mide aproximadamente 325 mm x 265 mm.<\/p>\n<p><em>Clicar <a href=\"http:\/\/inserts.org.uk\/index.php\/es\/albumes\/serie-1-a-16-laminas\/\"><strong>aqu\u00ed<\/strong><\/a> para ver todas las l\u00e1minas individuales.<\/em><\/p>\n<p class=\"tw-data-text tw-ta tw-text-small\" dir=\"ltr\" data-placeholder=\"Translation\"><span lang=\"es\">Estas l\u00e1minas estuvieron disponibles desde 1897 hasta 1900, cuando el Gremio las reemplaz\u00f3 por \u00c1lbumes. Durante el cambio, parece que se omiti\u00f3 la Serie 17.&nbsp;<\/span><span lang=\"es\">Una de las razones para cambiar de l\u00e1minas a \u00e1lbumes fue porque los artistas ganaban m\u00e1s dinero de las l\u00e1minas que el Gremio, pero el Gremio pod\u00eda controlar los ingresos de los \u00e1lbumes directamente.&nbsp;<\/span><span lang=\"es\">Tambi\u00e9n se nota que las l\u00e1minas para las Series 1 a 6 se imprimieron inicialmente en 1897 y luego se volvieron a imprimir en 1898, lo que dio lugar a algunas variaciones de impresi\u00f3n.<\/span><\/p>\n<h2><strong>LOS \u00c1LBUMES<\/strong><\/h2>\n<figure id=\"attachment_10219\" class=\"alignleft fixed\" style=\"width: 510px;\"><a class=\"zoom-hover fb\" data-fancybox-group=\"post-10347\" data-fancybox-title=\"Serie 29 portada\" href=\"http:\/\/inserts.org.uk\/wp-content\/uploads\/2018\/01\/Series-29-album-cover-1.jpg\"><img loading=\"lazy\" decoding=\"async\" class=\"wp-image-10219\" src=\"http:\/\/inserts.org.uk\/wp-content\/uploads\/2018\/01\/Series-29-album-cover-1.jpg\" alt=\"\" width=\"510\" height=\"371\" srcset=\"https:\/\/inserts.org.uk\/wp-content\/uploads\/2018\/01\/Series-29-album-cover-1.jpg 3504w, https:\/\/inserts.org.uk\/wp-content\/uploads\/2018\/01\/Series-29-album-cover-1-300x218.jpg 300w, https:\/\/inserts.org.uk\/wp-content\/uploads\/2018\/01\/Series-29-album-cover-1-768x559.jpg 768w, https:\/\/inserts.org.uk\/wp-content\/uploads\/2018\/01\/Series-29-album-cover-1-1024x745.jpg 1024w, https:\/\/inserts.org.uk\/wp-content\/uploads\/2018\/01\/Series-29-album-cover-1-82x60.jpg 82w, https:\/\/inserts.org.uk\/wp-content\/uploads\/2018\/01\/Series-29-album-cover-1-56x41.jpg 56w, https:\/\/inserts.org.uk\/wp-content\/uploads\/2018\/01\/Series-29-album-cover-1-1090x793.jpg 1090w, https:\/\/inserts.org.uk\/wp-content\/uploads\/2018\/01\/Series-29-album-cover-1-535x389.jpg 535w, https:\/\/inserts.org.uk\/wp-content\/uploads\/2018\/01\/Series-29-album-cover-1-350x255.jpg 350w, https:\/\/inserts.org.uk\/wp-content\/uploads\/2018\/01\/Series-29-album-cover-1-258x188.jpg 258w, https:\/\/inserts.org.uk\/wp-content\/uploads\/2018\/01\/Series-29-album-cover-1-1140x830.jpg 1140w, https:\/\/inserts.org.uk\/wp-content\/uploads\/2018\/01\/Series-29-album-cover-1-1920x1397.jpg 1920w, https:\/\/inserts.org.uk\/wp-content\/uploads\/2018\/01\/Series-29-album-cover-1-112x82.jpg 112w\" sizes=\"auto, (max-width: 510px) 100vw, 510px\" \/><\/a><figcaption>Serie 29 portada<\/figcaption><\/figure>\n<p>Los \u00e1lbumes para las <strong>Series 18 a 31 y la Especial&nbsp;<\/strong>estan hechos de cart\u00f3n, lujosamente decorados en colores pastel. Las portadas son del mismo grueso que las p\u00e1ginas, unidas por dos grapas.&nbsp;<span lang=\"es\">Los tama\u00f1os de los \u00e1lbumes var\u00edan ligeramente, pero miden aproximadamente 330 mm x 234 mm.&nbsp;<\/span><\/p>\n<p>Estos \u00e1lbumes estuvieron disponibles desde 1900 hasta 1908, cuando el contrato de Gremio con el gobierno termin\u00f3, y la Serie 31 fue el \u00faltimo \u00e1lbum en ser imprimido.&nbsp;<span lang=\"es\">Aunque las Series 32, 33, A, B y C fueron planificados en 1908 (y luego fueron emitidos por la Hacienda), parece que el final del contrato del Gremio significaba que no se dise\u00f1aron ni editaron \u00e1lbumes para estas cinco Series.<\/span><\/p>\n<figure id=\"attachment_30179\" class=\"alignright fixed\" style=\"width: 510px;\"><a class=\"zoom-hover fb\" data-fancybox-group=\"post-10347\" data-fancybox-title=\"Hoja en blanco, para la Serie 27\" href=\"http:\/\/inserts.org.uk\/wp-content\/uploads\/2021\/02\/Blank-Serie-27-page-1.jpg\"><img loading=\"lazy\" decoding=\"async\" class=\"wp-image-30179\" src=\"http:\/\/inserts.org.uk\/wp-content\/uploads\/2021\/02\/Blank-Serie-27-page-1.jpg\" alt=\"\" width=\"510\" height=\"371\" srcset=\"https:\/\/inserts.org.uk\/wp-content\/uploads\/2021\/02\/Blank-Serie-27-page-1.jpg 7008w, https:\/\/inserts.org.uk\/wp-content\/uploads\/2021\/02\/Blank-Serie-27-page-1-300x218.jpg 300w, https:\/\/inserts.org.uk\/wp-content\/uploads\/2021\/02\/Blank-Serie-27-page-1-768x559.jpg 768w, https:\/\/inserts.org.uk\/wp-content\/uploads\/2021\/02\/Blank-Serie-27-page-1-1024x745.jpg 1024w, https:\/\/inserts.org.uk\/wp-content\/uploads\/2021\/02\/Blank-Serie-27-page-1-82x60.jpg 82w, https:\/\/inserts.org.uk\/wp-content\/uploads\/2021\/02\/Blank-Serie-27-page-1-56x41.jpg 56w, https:\/\/inserts.org.uk\/wp-content\/uploads\/2021\/02\/Blank-Serie-27-page-1-1090x793.jpg 1090w, https:\/\/inserts.org.uk\/wp-content\/uploads\/2021\/02\/Blank-Serie-27-page-1-535x389.jpg 535w, https:\/\/inserts.org.uk\/wp-content\/uploads\/2021\/02\/Blank-Serie-27-page-1-350x255.jpg 350w, https:\/\/inserts.org.uk\/wp-content\/uploads\/2021\/02\/Blank-Serie-27-page-1-258x188.jpg 258w, https:\/\/inserts.org.uk\/wp-content\/uploads\/2021\/02\/Blank-Serie-27-page-1-1140x830.jpg 1140w, https:\/\/inserts.org.uk\/wp-content\/uploads\/2021\/02\/Blank-Serie-27-page-1-1920x1397.jpg 1920w, https:\/\/inserts.org.uk\/wp-content\/uploads\/2021\/02\/Blank-Serie-27-page-1-112x82.jpg 112w\" sizes=\"auto, (max-width: 510px) 100vw, 510px\" \/><\/a><figcaption>Hoja en blanco, para la Serie 27<\/figcaption><\/figure>\n<p>Se proporcionaron espacios dentro del \u00e1lbum para cada Fototipia a ser montado, al lado del cual se imprimi\u00f3 una descripci\u00f3n completa del tema de cada Fototipia.<\/p>\n<p>Imprimido en el interior de la portada hab\u00eda un &#8220;Prologo&#8221; y dentro de la contraportada hab\u00eda una lista de los t\u00edtulos de cada Fototipia de la Serie.&nbsp;<\/p>\n<p><span lang=\"es\"><em>Clicar&nbsp;<a href=\"http:\/\/inserts.org.uk\/index.php\/es\/albumes\/serie-18-a-31-albumes\/\"><strong>aqu\u00ed<\/strong><\/a> para ver todos los \u00e1lbumes.<\/em><\/span><\/p>\n<p>&nbsp;<\/p>\n<p>&nbsp;<\/p>\n<p>&nbsp;<\/p>\n<h2><strong>LAS PORTADAS DE LOS&nbsp;<\/strong><strong>\u00c1LBUMES<\/strong><\/h2>\n<p id=\"tw-target-text\" class=\"tw-data-text tw-ta tw-text-small\" dir=\"ltr\" data-placeholder=\"Translation\"><span lang=\"es\">Las portadas se produjeron en cuatro dise\u00f1os, como se muestra en la tabla a continuaci\u00f3n.<\/span><\/p>\n<div id='wpt-table-1776414774378' class=''><\/div><script type='text\/javascript'>(function() {function createTable() {if (window.wpt) {window.wpt.createTable({\"_id_div\":\"wpt-table-1776414774378\",\"_ctrl_url\":\"https:\\\/\\\/inserts.org.uk\\\/wp-admin\\\/admin-ajax.php?action=wpt_load_data&amp;table=7153&amp;_wpnonce=ca75cc2689\",\"width\":\"100%\",\"height\":null,\"sorting\":false,\"selecting\":true,\"heading\":true,\"paging\":false,\"pageSize\":\"20\",\"autoload\":true,\"fields\":[{\"name\":\"f0\",\"title\":\"Dise\\u00f1o\",\"type\":\"text\",\"visible\":true,\"width\":\"10\",\"align\":\"center\",\"format\":\"\",\"currency_symbol\":\"\"},{\"name\":\"f1\",\"title\":\"Serie\",\"type\":\"text\",\"visible\":true,\"width\":\"30\",\"align\":\"center\",\"format\":\"\",\"currency_symbol\":\"\"},{\"name\":\"f2\",\"title\":\"Descripci\\u00f3n\",\"type\":\"text\",\"visible\":true,\"width\":\"70\",\"align\":\"center\",\"format\":\"\",\"currency_symbol\":\"\"},{\"name\":\"f3\",\"title\":\"Ejemplo\",\"type\":\"text\",\"visible\":true,\"width\":\"40\",\"align\":\"center\",\"format\":\"\",\"currency_symbol\":\"\"}]});} else {setTimeout(createTable, 100);}}createTable();})();<\/script>\n<p id=\"tw-target-text\" class=\"tw-data-text tw-ta tw-text-small\" dir=\"ltr\" data-placeholder=\"Translation\"><span lang=\"es\">Todas las portadas de los \u00e1lbumes muestran &#8220;DE LAS CAJAS DE CERILLAS&#8221; y &#8220;ALBUM BIOGR\u00c1FICO PARA COLLECCIONARLAS&#8221;.&nbsp;<em>Clicar&nbsp;<a href=\"http:\/\/inserts.org.uk\/index.php\/es\/albumes\/todos-los-albumes\/\"><strong>aqu\u00ed<\/strong><\/a> para ver las portadas de todos los \u00e1lbumes.<\/em><\/span><\/p>\n<h2><strong>LAS CONTRAPORTADAS<\/strong><\/h2>\n<p class=\"tw-data-text tw-ta tw-text-small\" dir=\"ltr\" data-placeholder=\"Translation\"><span lang=\"es\">Las contraportadas de los \u00e1lbumes son particularmente interesantes, porque cada una enumera los \u00e1lbumes actualmente disponibles y su precio de compra.&nbsp;<\/span><span lang=\"es\">Algunos \u00e1lbumes tambi\u00e9n anuncian la pr\u00f3xima Serie disponible y d\u00f3nde enviar pedidos por ello.&nbsp;<\/span><span lang=\"es\"><em>Clicar&nbsp;<a href=\"http:\/\/inserts.org.uk\/index.php\/es\/albumes\/todas-las-contraportadas\/\"><strong>aqu\u00ed<\/strong><\/a> para ver las contraportadas de todos los \u00e1lbumes.<\/em><\/span><\/p>\n<figure id=\"attachment_10221\" class=\"alignright fixed\" style=\"width: 510px;\"><a class=\"zoom-hover fb\" data-fancybox-group=\"post-10347\" data-fancybox-title=\"Serie 31 \u00e1lbum, contraportada\" href=\"http:\/\/inserts.org.uk\/wp-content\/uploads\/2018\/01\/Series-31-album-rear.jpg\"><img loading=\"lazy\" decoding=\"async\" class=\"wp-image-10221\" src=\"http:\/\/inserts.org.uk\/wp-content\/uploads\/2018\/01\/Series-31-album-rear.jpg\" alt=\"\" width=\"510\" height=\"371\" srcset=\"https:\/\/inserts.org.uk\/wp-content\/uploads\/2018\/01\/Series-31-album-rear.jpg 3504w, https:\/\/inserts.org.uk\/wp-content\/uploads\/2018\/01\/Series-31-album-rear-300x218.jpg 300w, https:\/\/inserts.org.uk\/wp-content\/uploads\/2018\/01\/Series-31-album-rear-768x559.jpg 768w, https:\/\/inserts.org.uk\/wp-content\/uploads\/2018\/01\/Series-31-album-rear-1024x745.jpg 1024w, https:\/\/inserts.org.uk\/wp-content\/uploads\/2018\/01\/Series-31-album-rear-82x60.jpg 82w, https:\/\/inserts.org.uk\/wp-content\/uploads\/2018\/01\/Series-31-album-rear-56x41.jpg 56w, https:\/\/inserts.org.uk\/wp-content\/uploads\/2018\/01\/Series-31-album-rear-1090x793.jpg 1090w, https:\/\/inserts.org.uk\/wp-content\/uploads\/2018\/01\/Series-31-album-rear-535x389.jpg 535w, https:\/\/inserts.org.uk\/wp-content\/uploads\/2018\/01\/Series-31-album-rear-350x255.jpg 350w, https:\/\/inserts.org.uk\/wp-content\/uploads\/2018\/01\/Series-31-album-rear-258x188.jpg 258w, https:\/\/inserts.org.uk\/wp-content\/uploads\/2018\/01\/Series-31-album-rear-1140x830.jpg 1140w, https:\/\/inserts.org.uk\/wp-content\/uploads\/2018\/01\/Series-31-album-rear-1920x1397.jpg 1920w, https:\/\/inserts.org.uk\/wp-content\/uploads\/2018\/01\/Series-31-album-rear-112x82.jpg 112w\" sizes=\"auto, (max-width: 510px) 100vw, 510px\" \/><\/a><figcaption>Serie 31 \u00e1lbum, contraportada<\/figcaption><\/figure>\n<p id=\"tw-target-text\" class=\"tw-data-text tw-ta tw-text-small\" dir=\"ltr\" data-placeholder=\"Translation\"><span lang=\"es\">Estas p\u00e1ginas cuentan una historia de la popularidad de los \u00e1lbumes. Por ejemplo, en el momento de la Serie 22, todos los \u00e1lbumes de la Serie 18 se hab\u00edan agotado. Del mismo modo, la Serie 22 se hab\u00eda agotado antes de la Serie 23, pero aparentemente ya estaba disponible nuevamente con la Serie Especial, por lo que tal vez se volvi\u00f3 a imprimir.<\/span><\/p>\n<p id=\"tw-target-text\" class=\"tw-data-text tw-ta tw-text-small\" dir=\"ltr\" data-placeholder=\"Translation\"><span lang=\"es\">La parte posterior del \u00e1lbum para la <strong>Serie 31<\/strong> es muy importante para los coleccionistas, ya que ofrece la lista m\u00e1s completa de todos los t\u00edtulos &#8216;oficiales&#8217; de los \u00e1lbumes.<\/span><\/p>\n<h2>LOS ARTISTAS<\/h2>\n<p id=\"tw-target-text\" class=\"tw-data-text tw-ta tw-text-small\" dir=\"ltr\" data-placeholder=\"Translation\"><span lang=\"es\">El Gremio emple\u00f3 a m\u00e1s de una docena de artistas diferentes para ilustrar las l\u00e1minas y \u00e1lbumes. <em>Clicar <a href=\"http:\/\/inserts.org.uk\/index.php\/es\/albumes\/los-albumes-explicados\/los-artistas\/\"><strong>aqu\u00ed<\/strong><\/a> para aceder m\u00e1s informaci\u00f3n sobre estos artistas.<\/em><\/span><\/p>\n","protected":false},"excerpt":{"rendered":"<p>Con el fin de animar a la gente a coleccionar las Fototipias, el Gremio encarg\u00f3 una cantidad de \u00e1lbumes y hojas sueltas especialmente dise\u00f1ados para las Fototipias, que se pod\u00edan comprar en varios puntos de venta: Para las Series 1 a 16 pon\u00edan disponibles l\u00e1minas individuales,&nbsp;ocho l\u00e1minas por cada Serie Para las Series 18 a [&hellip;] <a href=\"https:\/\/inserts.org.uk\/index.php\/es\/albumes\/los-albumes-explicados\/\" class=\"more-link\">Read more<i class=\"icon-arrow-line-right\"><\/i><\/a><\/p>\n","protected":false},"author":1,"featured_media":0,"parent":3293,"menu_order":1,"comment_status":"closed","ping_status":"closed","template":"","meta":{"ngg_post_thumbnail":0,"footnotes":""},"class_list":["post-10347","page","type-page","status-publish","hentry"],"_links":{"self":[{"href":"https:\/\/inserts.org.uk\/index.php\/wp-json\/wp\/v2\/pages\/10347","targetHints":{"allow":["GET"]}}],"collection":[{"href":"https:\/\/inserts.org.uk\/index.php\/wp-json\/wp\/v2\/pages"}],"about":[{"href":"https:\/\/inserts.org.uk\/index.php\/wp-json\/wp\/v2\/types\/page"}],"author":[{"embeddable":true,"href":"https:\/\/inserts.org.uk\/index.php\/wp-json\/wp\/v2\/users\/1"}],"replies":[{"embeddable":true,"href":"https:\/\/inserts.org.uk\/index.php\/wp-json\/wp\/v2\/comments?post=10347"}],"version-history":[{"count":40,"href":"https:\/\/inserts.org.uk\/index.php\/wp-json\/wp\/v2\/pages\/10347\/revisions"}],"predecessor-version":[{"id":30177,"href":"https:\/\/inserts.org.uk\/index.php\/wp-json\/wp\/v2\/pages\/10347\/revisions\/30177"}],"up":[{"embeddable":true,"href":"https:\/\/inserts.org.uk\/index.php\/wp-json\/wp\/v2\/pages\/3293"}],"wp:attachment":[{"href":"https:\/\/inserts.org.uk\/index.php\/wp-json\/wp\/v2\/media?parent=10347"}],"curies":[{"name":"wp","href":"https:\/\/api.w.org\/{rel}","templated":true}]}}