{"id":11045,"date":"2018-01-31T13:11:11","date_gmt":"2018-01-31T13:11:11","guid":{"rendered":"http:\/\/inserts.org.uk\/?page_id=11045"},"modified":"2019-07-15T16:01:59","modified_gmt":"2019-07-15T16:01:59","slug":"los-artistas","status":"publish","type":"page","link":"https:\/\/inserts.org.uk\/index.php\/es\/albumes\/los-albumes-explicados\/los-artistas\/","title":{"rendered":"Los Artistas"},"content":{"rendered":"<p>En la tabla de abajo aparece una lista alfab\u00e9tica de los doce Artistas cuyas firmas aparecen en las l\u00e1minas para coleccionistas (Serie 1 a 16). Notar no hay firmas ning\u00fanas en los \u00e1lbumes (Serie 18 a 31 y Especial).<\/p>\n<p><em>Clicar <a href=\"http:\/\/inserts.org.uk\/wp-content\/uploads\/2018\/02\/Resources-artist-signatures-Esp.pdf\" target=\"_blank\" rel=\"noopener\"><strong>aqu\u00ed<\/strong><\/a> para una lista de&nbsp;firmas de artistas&nbsp;en las l\u00e1minas para coleccionistas, ordenada por Serie.<\/em><\/p>\n<div id='wpt-table-1777038773755' class=''><\/div><script type='text\/javascript'>(function() {function createTable() {if (window.wpt) {window.wpt.createTable({\"_id_div\":\"wpt-table-1777038773755\",\"_ctrl_url\":\"https:\\\/\\\/inserts.org.uk\\\/wp-admin\\\/admin-ajax.php?action=wpt_load_data&amp;table=7103&amp;_wpnonce=efbe2877d9\",\"width\":\"100%\",\"height\":null,\"sorting\":false,\"selecting\":false,\"heading\":true,\"paging\":true,\"pageSize\":\"45\",\"autoload\":true,\"fields\":[{\"name\":\"f0\",\"title\":\"Nombre del artista\",\"type\":\"text\",\"visible\":true,\"width\":\"20\",\"align\":\"center\",\"format\":\"\",\"currency_symbol\":\"\"},{\"name\":\"f1\",\"title\":\"Serie\",\"type\":\"text\",\"visible\":true,\"width\":\"10\",\"align\":\"center\",\"format\":\"\",\"currency_symbol\":\"\"},{\"name\":\"f2\",\"title\":\"L\\u00e1minas firmadas\",\"type\":\"text\",\"visible\":true,\"width\":\"15\",\"align\":\"center\",\"format\":\"\",\"currency_symbol\":\"\"}]});} else {setTimeout(createTable, 100);}}createTable();})();<\/script>\n","protected":false},"excerpt":{"rendered":"<p>En la tabla de abajo aparece una lista alfab\u00e9tica de los doce Artistas cuyas firmas aparecen en las l\u00e1minas para coleccionistas (Serie 1 a 16). Notar no hay firmas ning\u00fanas en los \u00e1lbumes (Serie 18 a 31 y Especial). Clicar aqu\u00ed para una lista de&nbsp;firmas de artistas&nbsp;en las l\u00e1minas para coleccionistas, ordenada por Serie. <a href=\"https:\/\/inserts.org.uk\/index.php\/es\/albumes\/los-albumes-explicados\/los-artistas\/\" class=\"more-link\">Read more<i class=\"icon-arrow-line-right\"><\/i><\/a><\/p>\n","protected":false},"author":1,"featured_media":0,"parent":10347,"menu_order":3,"comment_status":"closed","ping_status":"closed","template":"","meta":{"ngg_post_thumbnail":0,"footnotes":""},"class_list":["post-11045","page","type-page","status-publish","hentry"],"_links":{"self":[{"href":"https:\/\/inserts.org.uk\/index.php\/wp-json\/wp\/v2\/pages\/11045","targetHints":{"allow":["GET"]}}],"collection":[{"href":"https:\/\/inserts.org.uk\/index.php\/wp-json\/wp\/v2\/pages"}],"about":[{"href":"https:\/\/inserts.org.uk\/index.php\/wp-json\/wp\/v2\/types\/page"}],"author":[{"embeddable":true,"href":"https:\/\/inserts.org.uk\/index.php\/wp-json\/wp\/v2\/users\/1"}],"replies":[{"embeddable":true,"href":"https:\/\/inserts.org.uk\/index.php\/wp-json\/wp\/v2\/comments?post=11045"}],"version-history":[{"count":15,"href":"https:\/\/inserts.org.uk\/index.php\/wp-json\/wp\/v2\/pages\/11045\/revisions"}],"predecessor-version":[{"id":30072,"href":"https:\/\/inserts.org.uk\/index.php\/wp-json\/wp\/v2\/pages\/11045\/revisions\/30072"}],"up":[{"embeddable":true,"href":"https:\/\/inserts.org.uk\/index.php\/wp-json\/wp\/v2\/pages\/10347"}],"wp:attachment":[{"href":"https:\/\/inserts.org.uk\/index.php\/wp-json\/wp\/v2\/media?parent=11045"}],"curies":[{"name":"wp","href":"https:\/\/api.w.org\/{rel}","templated":true}]}}