{"id":11183,"date":"2018-02-05T15:36:02","date_gmt":"2018-02-05T15:36:02","guid":{"rendered":"http:\/\/inserts.org.uk\/?page_id=11183"},"modified":"2019-07-15T16:54:40","modified_gmt":"2019-07-15T16:54:40","slug":"las-fototipias-explicadas","status":"publish","type":"page","link":"https:\/\/inserts.org.uk\/index.php\/es\/introduccion\/las-fototipias-explicadas\/","title":{"rendered":"Las Fototipias explicadas"},"content":{"rendered":"<figure id=\"attachment_12205\" class=\"alignright fixed\" style=\"width: 500px;\"><a class=\"zoom-hover fb\" data-fancybox-group=\"post-11183\" data-fancybox-title=\"Ejemplos de Fototipias\" href=\"http:\/\/inserts.org.uk\/wp-content\/uploads\/2018\/02\/Inserts-explained-1.jpg\"><img loading=\"lazy\" decoding=\"async\" class=\"wp-image-12205\" src=\"http:\/\/inserts.org.uk\/wp-content\/uploads\/2018\/02\/Inserts-explained-1.jpg\" alt=\"\" width=\"500\" height=\"375\" srcset=\"https:\/\/inserts.org.uk\/wp-content\/uploads\/2018\/02\/Inserts-explained-1.jpg 3264w, https:\/\/inserts.org.uk\/wp-content\/uploads\/2018\/02\/Inserts-explained-1-300x225.jpg 300w, https:\/\/inserts.org.uk\/wp-content\/uploads\/2018\/02\/Inserts-explained-1-768x576.jpg 768w, https:\/\/inserts.org.uk\/wp-content\/uploads\/2018\/02\/Inserts-explained-1-1024x768.jpg 1024w, https:\/\/inserts.org.uk\/wp-content\/uploads\/2018\/02\/Inserts-explained-1-80x60.jpg 80w, https:\/\/inserts.org.uk\/wp-content\/uploads\/2018\/02\/Inserts-explained-1-56x42.jpg 56w, https:\/\/inserts.org.uk\/wp-content\/uploads\/2018\/02\/Inserts-explained-1-1090x818.jpg 1090w, https:\/\/inserts.org.uk\/wp-content\/uploads\/2018\/02\/Inserts-explained-1-535x401.jpg 535w, https:\/\/inserts.org.uk\/wp-content\/uploads\/2018\/02\/Inserts-explained-1-350x263.jpg 350w, https:\/\/inserts.org.uk\/wp-content\/uploads\/2018\/02\/Inserts-explained-1-258x194.jpg 258w, https:\/\/inserts.org.uk\/wp-content\/uploads\/2018\/02\/Inserts-explained-1-1140x855.jpg 1140w, https:\/\/inserts.org.uk\/wp-content\/uploads\/2018\/02\/Inserts-explained-1-1920x1440.jpg 1920w, https:\/\/inserts.org.uk\/wp-content\/uploads\/2018\/02\/Inserts-explained-1-112x84.jpg 112w\" sizes=\"auto, (max-width: 500px) 100vw, 500px\" \/><\/a><figcaption>Ejemplos de Fototipias<\/figcaption><\/figure>\n<p id=\"tw-target-text\" class=\"tw-data-text tw-ta tw-text-small\" dir=\"ltr\" data-placeholder=\"Translation\"><span lang=\"es\">Las Fototipias son peque\u00f1as cartulinas coleccionables (32 mm x 46 mm), cada una mostrando una atractiva imagen de una actriz, una reina, un m\u00fasico, un torero, un pol\u00edtico o similar, que se incluyeron &#8216;gratis&#8217; dentro de las <a href=\"http:\/\/inserts.org.uk\/index.php\/es\/introduccion\/cajas-de-cerillas\/\"><strong>cajas de cerillas espa\u00f1olas<\/strong><\/a> entre 1897 y 1910.<\/span><\/p>\n<p id=\"tw-target-text\" class=\"tw-data-text tw-ta tw-text-medium\" dir=\"ltr\" data-placeholder=\"Translation\"><span lang=\"es\">En esos d\u00edas la <a href=\"http:\/\/inserts.org.uk\/index.php\/es\/introduccion\/historia-de-la-industria-cerilleria-espanola\/\"><strong>industria cerilleria<\/strong><\/a> fue un monopolio del estado operado por&nbsp;<\/span><span lang=\"es\">el <a href=\"http:\/\/inserts.org.uk\/index.php\/es\/introduccion\/gremio-de-fabricantes-de-fosforos-de-espana-2\/\"><strong>Gremio de Fabricantes<\/strong><\/a> que estaba siguiendo una tendencia iniciada en los papeles de fumar y las envolturas de chocolate para atraer a la gente a coleccionar las Series de Fototipias y, por lo tanto, comprar m\u00e1s cajas de cerillas.<\/span><\/p>\n<p id=\"tw-target-text\" class=\"tw-data-text tw-ta tw-text-small\" dir=\"ltr\" data-placeholder=\"Translation\"><span lang=\"es\">Se emitieron un total de 37 <a href=\"http:\/\/inserts.org.uk\/index.php\/es\/las-series\/las-series-explicadas\/\"><strong>Series<\/strong><\/a> diferentes, con 75 o m\u00e1s Fototipias en cada Serie, lo que hace un total de <strong>3,175 cartulinas individuales<\/strong> para coleccionar (m\u00e1s algunas <a href=\"http:\/\/inserts.org.uk\/index.php\/es\/las-series\/las-series-explicadas\/variantes\/\"><strong>variantes<\/strong><\/a>).<\/span><\/p>\n<p class=\"tw-data-text tw-ta tw-text-small\" dir=\"ltr\" data-placeholder=\"Translation\"><span lang=\"es\">Por un lado, este fue un ejercicio puramente comercial del Gremio para aumentar sus ingresos.&nbsp;<\/span><span lang=\"es\">Pero por otro lado el nivel de estas adorables cartulinas se volvieron altamente coleccionables, y lo siguen siendo hoy en d\u00eda.&nbsp;Para animar a los coleccionistas, el Gremio public\u00f3 <a href=\"http:\/\/inserts.org.uk\/index.php\/es\/albumes\/los-albumes-explicados\/\"><strong>\u00e1lbumes<\/strong><\/a> y l\u00e1minas individuales especialmente dise\u00f1ados para coleccionistas.<\/span><\/p>\n<p id=\"tw-target-text\" class=\"tw-data-text tw-ta tw-text-small\" dir=\"ltr\" data-placeholder=\"Translation\"><span lang=\"es\">A princ\u00edpios del siglo XX, los hogares usaban montones y montones de cerillas, por ejemplo, para encender velas, calefacci\u00f3n dom\u00e9stica y para fumar. Hubo, por lo tanto, una demanda importante de cerillas, que el Gremio pretend\u00eda explotar.<\/span><\/p>\n<p class=\"tw-data-text tw-ta tw-text-small\" dir=\"ltr\" data-placeholder=\"Translation\"><span lang=\"es\">Por supuesto, el fuego ha jugado un papel importante en el desarrollo de la raza humana. Desde la invenci\u00f3n del f\u00f3sforo de fricci\u00f3n en 1826, los f\u00f3sforos y las cajas de cerillas se han extendido a todos los rincones del mundo, convirtiendo la fabricaci\u00f3n de ellas en una industria multinacional y global.&nbsp; <em>Clicar<\/em><\/span><em><span lang=\"es\">&nbsp;<a href=\"http:\/\/inserts.org.uk\/index.php\/es\/introduccion\/historia-de-la-industria-cerilleria-espanola\/\"><strong>aqu\u00ed<\/strong><\/a> para aceder una breve historia de la industria cerilleria espa\u00f1ola desde 1838 hasta la fecha.<\/span><\/em><\/p>\n<h2 dir=\"ltr\" data-placeholder=\"Translation\">EL DISE\u00d1O DE LAS FOTOTIPIAS<\/h2>\n<figure id=\"attachment_12217\" class=\"alignright fixed\" style=\"width: 500px;\"><a class=\"zoom-hover fb\" data-fancybox-group=\"post-11183\" data-fancybox-title=\"El n\u00famero de Serie se resalta en rojo, de la Fototipia en azul, sujeto en verde\" href=\"http:\/\/inserts.org.uk\/wp-content\/uploads\/2018\/02\/Series-numbering-inserts-1.jpg\"><img loading=\"lazy\" decoding=\"async\" class=\"wp-image-12217\" src=\"http:\/\/inserts.org.uk\/wp-content\/uploads\/2018\/02\/Series-numbering-inserts-1.jpg\" alt=\"\" width=\"500\" height=\"230\" srcset=\"https:\/\/inserts.org.uk\/wp-content\/uploads\/2018\/02\/Series-numbering-inserts-1.jpg 1251w, https:\/\/inserts.org.uk\/wp-content\/uploads\/2018\/02\/Series-numbering-inserts-1-300x138.jpg 300w, https:\/\/inserts.org.uk\/wp-content\/uploads\/2018\/02\/Series-numbering-inserts-1-768x354.jpg 768w, https:\/\/inserts.org.uk\/wp-content\/uploads\/2018\/02\/Series-numbering-inserts-1-1024x471.jpg 1024w, https:\/\/inserts.org.uk\/wp-content\/uploads\/2018\/02\/Series-numbering-inserts-1-130x60.jpg 130w, https:\/\/inserts.org.uk\/wp-content\/uploads\/2018\/02\/Series-numbering-inserts-1-56x26.jpg 56w, https:\/\/inserts.org.uk\/wp-content\/uploads\/2018\/02\/Series-numbering-inserts-1-1090x502.jpg 1090w, https:\/\/inserts.org.uk\/wp-content\/uploads\/2018\/02\/Series-numbering-inserts-1-535x246.jpg 535w, https:\/\/inserts.org.uk\/wp-content\/uploads\/2018\/02\/Series-numbering-inserts-1-350x161.jpg 350w, https:\/\/inserts.org.uk\/wp-content\/uploads\/2018\/02\/Series-numbering-inserts-1-258x119.jpg 258w, https:\/\/inserts.org.uk\/wp-content\/uploads\/2018\/02\/Series-numbering-inserts-1-1140x525.jpg 1140w, https:\/\/inserts.org.uk\/wp-content\/uploads\/2018\/02\/Series-numbering-inserts-1-112x52.jpg 112w\" sizes=\"auto, (max-width: 500px) 100vw, 500px\" \/><\/a><figcaption>El n\u00famero de Serie se resalta en rojo, de la Fototipia en azul, sujeto en verde<\/figcaption><\/figure>\n<p id=\"tw-target-text\" class=\"tw-data-text tw-ta tw-text-small\" dir=\"ltr\" data-placeholder=\"Translation\"><span lang=\"es\">Cada Fototipia se numera individualmente dentro de la <a href=\"http:\/\/inserts.org.uk\/index.php\/es\/las-series\/las-series-explicadas\/\"><strong>Serie<\/strong><\/a>. El n\u00famero de la Serie, el n\u00famero de la Fototipia y el t\u00edtulo del sujeto siempre est\u00e1n impresos en la Fototipia, generalmente en el frente, pero a veces en el dorso.<\/span><\/p>\n<p class=\"tw-data-text tw-ta tw-text-small\" dir=\"ltr\" data-placeholder=\"Translation\"><span lang=\"es\">El frente de cada Fototipia tiene una atractiva fotograf\u00eda o dibujo, que representa un sujeto del tema de la Serie (por ejemplo, actrices, pol\u00edticos, realeza, poetas, pintores, toreros), y la imagen siempre est\u00e1 enmarcada por un borde.&nbsp;<\/span><span lang=\"es\">Aunque las primeras Series tienen im\u00e1genes en blanco y negro, las posteriores est\u00e1n en color.<\/span><\/p>\n<p id=\"tw-target-text\" class=\"tw-data-text tw-ta tw-text-small\" dir=\"ltr\" data-placeholder=\"Translation\"><span lang=\"es\">Los dorsos de las Fototipias casi siempre est\u00e1n en blanco, a excepci\u00f3n de la Serie 29, 30, 31 y la Especial que contienen texto.<\/span><\/p>\n<p id=\"tw-target-text\" class=\"tw-data-text tw-ta tw-text-small\" dir=\"ltr\" data-placeholder=\"Translation\"><span lang=\"es\">Hay dos dise\u00f1os distintos de las Fototipias:<\/span><\/p>\n<p class=\"tw-data-text tw-ta tw-text-small\" dir=\"ltr\" data-placeholder=\"Translation\"><div id='wpt-table-1776503435764' class=''><\/div><script type='text\/javascript'>(function() {function createTable() {if (window.wpt) {window.wpt.createTable({\"_id_div\":\"wpt-table-1776503435764\",\"_ctrl_url\":\"https:\\\/\\\/inserts.org.uk\\\/wp-admin\\\/admin-ajax.php?action=wpt_load_data&amp;table=12241&amp;_wpnonce=54747caf44\",\"width\":\"100%\",\"height\":null,\"sorting\":false,\"selecting\":true,\"heading\":true,\"paging\":false,\"pageSize\":\"20\",\"autoload\":true,\"fields\":[{\"name\":\"f0\",\"title\":\"Dise\\u00f1o\",\"type\":\"text\",\"visible\":true,\"width\":\"5\",\"align\":\"center\",\"format\":\"\",\"currency_symbol\":\"\"},{\"name\":\"f1\",\"title\":\"Descripci\\u00f3n\",\"type\":\"text\",\"visible\":true,\"width\":\"50\",\"align\":\"center\",\"format\":\"\",\"currency_symbol\":\"\"},{\"name\":\"f2\",\"title\":\"Serie\",\"type\":\"text\",\"visible\":true,\"width\":\"15\",\"align\":\"center\",\"format\":\"\",\"currency_symbol\":\"\"},{\"name\":\"f3\",\"title\":\"Frente\",\"type\":\"text\",\"visible\":true,\"width\":\"30\",\"align\":\"center\",\"format\":\"\",\"currency_symbol\":\"\"},{\"name\":\"f4\",\"title\":\"Dorso\",\"type\":\"text\",\"visible\":true,\"width\":\"30\",\"align\":\"center\",\"format\":\"\",\"currency_symbol\":\"\"}]});} else {setTimeout(createTable, 100);}}createTable();})();<\/script><\/p>\n<p class=\"tw-data-text tw-ta tw-text-small\" dir=\"ltr\" data-placeholder=\"Translation\"><span lang=\"es\">Las Fototipias son todas rectangulares y la mayor\u00eda se ven correctamente en forma vertical.&nbsp;<\/span><span lang=\"es\">Sus dimensiones var\u00edan ligeramente entre las diferentes Series, pero miden aproximadamente 32 mm de ancho por 46 mm de alto para las Series 1 a 31, y aproximadamente 31 mm de ancho por 42 mm de alto para las Series posteriores.<\/span><\/p>\n<h2 dir=\"ltr\" data-placeholder=\"Translation\">PONIENDO LAS FOTOTIPIAS EN LAS CAJAS DE CERILLAS<\/h2>\n<figure id=\"attachment_12225\" class=\"alignleft fixed\" style=\"width: 500px;\"><a class=\"zoom-hover fb\" data-fancybox-group=\"post-11183\" data-fancybox-title=\"Caja del Gremio, con una Fototipia de la Serie 1\" href=\"http:\/\/inserts.org.uk\/wp-content\/uploads\/2018\/02\/gremio-box-for-slider.jpg\"><img loading=\"lazy\" decoding=\"async\" class=\"wp-image-12225\" src=\"http:\/\/inserts.org.uk\/wp-content\/uploads\/2018\/02\/gremio-box-for-slider.jpg\" alt=\"\" width=\"500\" height=\"375\" srcset=\"https:\/\/inserts.org.uk\/wp-content\/uploads\/2018\/02\/gremio-box-for-slider.jpg 3264w, https:\/\/inserts.org.uk\/wp-content\/uploads\/2018\/02\/gremio-box-for-slider-300x225.jpg 300w, https:\/\/inserts.org.uk\/wp-content\/uploads\/2018\/02\/gremio-box-for-slider-768x576.jpg 768w, https:\/\/inserts.org.uk\/wp-content\/uploads\/2018\/02\/gremio-box-for-slider-1024x768.jpg 1024w, https:\/\/inserts.org.uk\/wp-content\/uploads\/2018\/02\/gremio-box-for-slider-80x60.jpg 80w, https:\/\/inserts.org.uk\/wp-content\/uploads\/2018\/02\/gremio-box-for-slider-56x42.jpg 56w, https:\/\/inserts.org.uk\/wp-content\/uploads\/2018\/02\/gremio-box-for-slider-1090x818.jpg 1090w, https:\/\/inserts.org.uk\/wp-content\/uploads\/2018\/02\/gremio-box-for-slider-535x401.jpg 535w, https:\/\/inserts.org.uk\/wp-content\/uploads\/2018\/02\/gremio-box-for-slider-350x263.jpg 350w, https:\/\/inserts.org.uk\/wp-content\/uploads\/2018\/02\/gremio-box-for-slider-258x194.jpg 258w, https:\/\/inserts.org.uk\/wp-content\/uploads\/2018\/02\/gremio-box-for-slider-1140x855.jpg 1140w, https:\/\/inserts.org.uk\/wp-content\/uploads\/2018\/02\/gremio-box-for-slider-1920x1440.jpg 1920w, https:\/\/inserts.org.uk\/wp-content\/uploads\/2018\/02\/gremio-box-for-slider-112x84.jpg 112w\" sizes=\"auto, (max-width: 500px) 100vw, 500px\" \/><\/a><figcaption>Caja del Gremio, con una Fototipia de la Serie 1<\/figcaption><\/figure>\n<p id=\"tw-target-text\" class=\"tw-data-text tw-ta tw-text-small\" dir=\"ltr\" data-placeholder=\"Translation\"><span lang=\"es\">Despu\u00e9s de que las Fototipias han sido <a href=\"http:\/\/inserts.org.uk\/index.php\/es\/introduccion\/imprentas\/\"><strong>impresas<\/strong><\/a> y cortadas de las <a href=\"http:\/\/inserts.org.uk\/index.php\/es\/las-series\/las-series-explicadas\/hojas-de-imprenta\/\"><strong>hojas de imprenta<\/strong><\/a>, las deb\u00edan colocar manualmente dentro de las cajas de cerillas.<\/span><\/p>\n<p class=\"tw-data-text tw-ta tw-text-small\" dir=\"ltr\" data-placeholder=\"Translation\"><span lang=\"es\">Las cajas de cerillas que conten\u00edan las Fototipias son un tipo de dise\u00f1o de &#8216;gomitas&#8217; que el Gremio hab\u00eda usado desde 1892, hecho de cart\u00f3n plegada con una tapa levadiza que est\u00e1 cargada por una banda de goma ingeniosamente ajustada.&nbsp;<\/span><span lang=\"es\">El cuerpo principal de la caja es rectangular y tiene una abertura en la parte superior para permitir extraer las cerillas de cera. <em>Clicar<\/em><\/span><em><span lang=\"es\">&nbsp;<a href=\"http:\/\/inserts.org.uk\/index.php\/es\/introduccion\/cajas-de-cerillas\/\"><strong>aqu\u00ed<\/strong><\/a> para aceder m\u00e1s informaci\u00f3n sobre estas cajas de cerillas.&nbsp;<\/span><\/em><\/p>\n<p dir=\"ltr\" data-placeholder=\"Translation\">&nbsp;<\/p>\n<p id=\"tw-target-text\" class=\"tw-data-text tw-ta tw-text-small\" dir=\"ltr\" data-placeholder=\"Translation\"><span lang=\"es\">Al princ\u00edpio, las Fototipias se colocaron dentro de las tapas de las cajas de cerillas, pero despu\u00e9s de muchas quejas del p\u00fablico, se colocaron en el cuerpo de la caja encima de la cavidad.<\/span><\/p>\n<h2 dir=\"ltr\" data-placeholder=\"Translation\">\u00bfCUANTAS FOTOTIPIAS FUERON EMITIDAS?<\/h2>\n<p id=\"tw-target-text\" class=\"tw-data-text tw-ta tw-text-small\" dir=\"ltr\" data-placeholder=\"Translation\"><span lang=\"es\">Un gran total de <strong>3,175 Fototipias diferentes<\/strong>&nbsp;comprenden la colecci\u00f3n (m\u00e1s algunas <a href=\"http:\/\/inserts.org.uk\/index.php\/es\/las-series\/las-series-explicadas\/variantes\/\"><strong>variantes<\/strong><\/a>&nbsp;e&nbsp;<a href=\"http:\/\/inserts.org.uk\/index.php\/es\/las-series\/las-series-explicadas\/indices-de-coleccion\/\"><strong>indices de colecci\u00f3n<\/strong><\/a>), como se explica a continuaci\u00f3n :<\/span><\/p>\n<ul>\n<li id=\"tw-target-text\" class=\"tw-data-text tw-ta tw-text-small\" dir=\"ltr\" data-placeholder=\"Translation\"><span lang=\"es\">La Serie 1 tiene 75 unidades y fue emitida <a href=\"http:\/\/inserts.org.uk\/index.php\/es\/las-series\/las-series-explicadas\/variantes\/serie-1-variantes\/\"><strong>dos veces<\/strong><\/a>, dando 150 Fototipias coleccionables<\/span><\/li>\n<li dir=\"ltr\" data-placeholder=\"Translation\">Las Series 2 a 14 tienen 75 <span lang=\"es\">unidades<\/span>, que dan 975 <span lang=\"es\">Fototipias <\/span>coleccionables<\/li>\n<li dir=\"ltr\" data-placeholder=\"Translation\">La Serie 15 tiene 75 <span lang=\"es\">unidades <\/span>y fue emitida en <a href=\"http:\/\/inserts.org.uk\/index.php\/es\/las-series\/las-series-explicadas\/variantes\/serie-15-variantes\/\"><strong>cinco colores diferentes<\/strong><\/a>, dando 375 <span lang=\"es\">Fototipias <\/span>coleccionables<\/li>\n<li dir=\"ltr\" data-placeholder=\"Translation\">Las Series 16 a 29 y 31 a 33 tienen 75 <span lang=\"es\">unidades<\/span>, dando 1,275 <span lang=\"es\">Fototipias <\/span>coleccionables<\/li>\n<li dir=\"ltr\" data-placeholder=\"Translation\">Las Series 30, A, B, C y Especial tienen 80 <span lang=\"es\">unidades<\/span>, dando 400 <span lang=\"es\">Fototipias <\/span>coleccionables<\/li>\n<\/ul>\n<p id=\"tw-target-text\" class=\"tw-data-text tw-ta tw-text-small\" dir=\"ltr\" data-placeholder=\"Translation\"><span lang=\"es\">Tambi\u00e9n hay unos cuantos cromos coleccionables que parecen Fototipias de cajas de cerillas pero que en realidad provienen de otras fuentes. <em>Clicar <a href=\"http:\/\/inserts.org.uk\/index.php\/es\/introduccion\/otros-cromos-y-fototipias\/\"><strong>aqu\u00ed<\/strong><\/a> para ver algunos de estos otros tipos de Fototipias.<\/em><\/span><\/p>\n<h2><strong><span lang=\"es\">CONSEJOS SOBRE DONDE SE PUEDEN OBTENER FOTOTIPIAS HOY EN D\u00cdA<\/span><\/strong><\/h2>\n<p>Las Fototipias ahora son generalmente raras y algunas Series son m\u00e1s dif\u00edciles de obtener que otras. De hecho, la Serie 15 verde y la Serie C son extremadamente raras, casi imposibles de obtener completas.<\/p>\n<p>La obtenci\u00f3n de Series enteras o Fototipias individuales es posible normalamente solamente a trav\u00e9s de coleccionistas que est\u00e9n dispuestos a vender.&nbsp;Los vendedores profesionales pueden ayudar, pero es poco probable que tengan muchos a mano, aunque es posible que puedan obtener los art\u00edculos solicitados.<\/p>\n<p>Los sitios de subastas en l\u00ednea (por ejemplo, <strong><a href=\"https:\/\/www.todocoleccion.net\/\" target=\"_blank\" rel=\"noopener\">Todocolecci\u00f3n<\/a><\/strong>) a menudo tienen \u00e1lbumes, Series enteras y Fototipias sueltas&nbsp;<span lang=\"es\">aunque los precios pueden variar ampliamente,&nbsp;y aunque la gran mayor\u00eda de los proveedores son totalmente respetables siempre vale la pena confirmar la autenticidad de los lotes antes de pujar.<\/span><\/p>\n","protected":false},"excerpt":{"rendered":"<p>Las Fototipias son peque\u00f1as cartulinas coleccionables (32 mm x 46 mm), cada una mostrando una atractiva imagen de una actriz, una reina, un m\u00fasico, un torero, un pol\u00edtico o similar, que se incluyeron &#8216;gratis&#8217; dentro de las cajas de cerillas espa\u00f1olas entre 1897 y 1910. En esos d\u00edas la industria cerilleria fue un monopolio del [&hellip;] <a href=\"https:\/\/inserts.org.uk\/index.php\/es\/introduccion\/las-fototipias-explicadas\/\" class=\"more-link\">Read more<i class=\"icon-arrow-line-right\"><\/i><\/a><\/p>\n","protected":false},"author":1,"featured_media":0,"parent":11197,"menu_order":1,"comment_status":"closed","ping_status":"closed","template":"","meta":{"ngg_post_thumbnail":0,"footnotes":""},"class_list":["post-11183","page","type-page","status-publish","hentry"],"_links":{"self":[{"href":"https:\/\/inserts.org.uk\/index.php\/wp-json\/wp\/v2\/pages\/11183","targetHints":{"allow":["GET"]}}],"collection":[{"href":"https:\/\/inserts.org.uk\/index.php\/wp-json\/wp\/v2\/pages"}],"about":[{"href":"https:\/\/inserts.org.uk\/index.php\/wp-json\/wp\/v2\/types\/page"}],"author":[{"embeddable":true,"href":"https:\/\/inserts.org.uk\/index.php\/wp-json\/wp\/v2\/users\/1"}],"replies":[{"embeddable":true,"href":"https:\/\/inserts.org.uk\/index.php\/wp-json\/wp\/v2\/comments?post=11183"}],"version-history":[{"count":35,"href":"https:\/\/inserts.org.uk\/index.php\/wp-json\/wp\/v2\/pages\/11183\/revisions"}],"predecessor-version":[{"id":30082,"href":"https:\/\/inserts.org.uk\/index.php\/wp-json\/wp\/v2\/pages\/11183\/revisions\/30082"}],"up":[{"embeddable":true,"href":"https:\/\/inserts.org.uk\/index.php\/wp-json\/wp\/v2\/pages\/11197"}],"wp:attachment":[{"href":"https:\/\/inserts.org.uk\/index.php\/wp-json\/wp\/v2\/media?parent=11183"}],"curies":[{"name":"wp","href":"https:\/\/api.w.org\/{rel}","templated":true}]}}