{"id":15250,"date":"2018-04-12T12:43:49","date_gmt":"2018-04-12T12:43:49","guid":{"rendered":"http:\/\/inserts.org.uk\/?page_id=15250"},"modified":"2019-07-14T08:51:36","modified_gmt":"2019-07-14T08:51:36","slug":"precintos-fiscales","status":"publish","type":"page","link":"https:\/\/inserts.org.uk\/index.php\/es\/precintos-fiscales\/","title":{"rendered":"Precintos Fiscales"},"content":{"rendered":"<p class=\"tw-data-text tw-ta tw-text-small\" dir=\"ltr\" data-placeholder=\"Translation\"><span lang=\"es\">Los gobiernos de todo el mundo a menudo han utilizados unos Precintos Fiscales para recaudar fondos adicionales para su Ministerio de Hacienda mediante la imposici\u00f3n de un impuesto espec\u00edfico sobre bienes de consumo de gran volumen, como las cajas de cerillas y cigarillos.&nbsp;<\/span><\/p>\n<p class=\"tw-data-text tw-ta tw-text-small\" dir=\"ltr\" data-placeholder=\"Translation\"><span lang=\"es\">El registro m\u00e1s antiguo de su uso en cajas de cerillas es durante la Guerra Civil en los <strong>Estados Unidos de Am\u00e9rica<\/strong> (1861 &#8211; 65), donde se introdujeron para ayudar al Norte a compensar los gastos de la guerra con el Sur. S<\/span><span lang=\"es\">e aprob\u00f3 una ley en <strong>junio de 1864<\/strong> por la que fue obligatorio utilizar estos &#8220;Precintos Fiscales&#8221; en todas las cajas de cerillas. M\u00e1s de 500 variaciones distintas fueron utilizadas por la industria cerilleria estadounidense hasta 1883.&nbsp;<\/span><span lang=\"es\">El fabricante arregl\u00f3 el Precinto Fiscal alrededor de la caja de cerillas de tal manera que sell\u00f3 los contenidos en su interior, y el Precinto tuvo que ser roto para acceder a las cerillas.<\/span><\/p>\n<h2>Precintos Fiscales en Espa\u00f1a<\/h2>\n<figure id=\"attachment_15162\" class=\"alignright fixed\" style=\"width: 100px;\"><a class=\"zoom-hover fb\" data-fancybox-group=\"post-15250\" data-fancybox-title=\"1874 Precinto (impuesto de guerra)\" href=\"http:\/\/inserts.org.uk\/wp-content\/uploads\/2018\/03\/tax-stamp-1874.jpeg\"><img loading=\"lazy\" decoding=\"async\" class=\"wp-image-15162\" src=\"http:\/\/inserts.org.uk\/wp-content\/uploads\/2018\/03\/tax-stamp-1874.jpeg\" alt=\"\" width=\"100\" height=\"372\" srcset=\"https:\/\/inserts.org.uk\/wp-content\/uploads\/2018\/03\/tax-stamp-1874.jpeg 208w, https:\/\/inserts.org.uk\/wp-content\/uploads\/2018\/03\/tax-stamp-1874-81x300.jpeg 81w, https:\/\/inserts.org.uk\/wp-content\/uploads\/2018\/03\/tax-stamp-1874-16x60.jpeg 16w, https:\/\/inserts.org.uk\/wp-content\/uploads\/2018\/03\/tax-stamp-1874-30x112.jpeg 30w, https:\/\/inserts.org.uk\/wp-content\/uploads\/2018\/03\/tax-stamp-1874-60x224.jpeg 60w\" sizes=\"auto, (max-width: 100px) 100vw, 100px\" \/><\/a><figcaption>1874 Precinto (impuesto de guerra)<\/figcaption><\/figure>\n<figure id=\"attachment_15190\" class=\"alignright fixed\" style=\"width: 100px;\"><a class=\"zoom-hover fb\" data-fancybox-group=\"post-15250\" data-fancybox-title=\"1874 Precinto\" href=\"http:\/\/inserts.org.uk\/wp-content\/uploads\/2018\/04\/Spain-1874-banderole.jpg\"><img loading=\"lazy\" decoding=\"async\" class=\"wp-image-15190\" src=\"http:\/\/inserts.org.uk\/wp-content\/uploads\/2018\/04\/Spain-1874-banderole.jpg\" alt=\"\" width=\"100\" height=\"377\" srcset=\"https:\/\/inserts.org.uk\/wp-content\/uploads\/2018\/04\/Spain-1874-banderole.jpg 209w, https:\/\/inserts.org.uk\/wp-content\/uploads\/2018\/04\/Spain-1874-banderole-16x60.jpg 16w, https:\/\/inserts.org.uk\/wp-content\/uploads\/2018\/04\/Spain-1874-banderole-30x112.jpg 30w\" sizes=\"auto, (max-width: 100px) 100vw, 100px\" \/><\/a><figcaption>1874 Precinto<\/figcaption><\/figure>\n<p>Los impuestos se impusieron a la <a href=\"http:\/\/inserts.org.uk\/index.php\/es\/introduccion\/historia-de-la-industria-cerilleria-espanola\/\"><strong>industria cerilleria espa\u00f1ola<\/strong><\/a> a trav\u00e9s de la ley del 26 de <strong>junio de 1874<\/strong>, dado que la Hacienda necesitaba desesperadamente recaudar dinero y vi\u00f3 la introducci\u00f3n de un impuesto sobre cajas de cerillas como parte del proceso. A partir de este punto, todas las cajas de cerillas necesitaron un Precinto.<\/p>\n<p id=\"tw-target-text\" class=\"tw-data-text tw-ta tw-text-small\" dir=\"ltr\" data-placeholder=\"Translation\"><span lang=\"es\">En 1874 Espa\u00f1a estaba luchando en dos guerras :<\/span><\/p>\n<ol>\n<li>una guerra civil, la Tercera Guerra Carlista de 1872 a 1876<\/li>\n<li>la Guerra de los Diez A\u00f1os con Cuba desde 1868 hasta 1878<\/li>\n<\/ol>\n<p><span lang=\"es\">El Precinto az\u00fal ilustrado aqu\u00ed dice &#8220;Impuesto de Guerra&#8221;.<\/span><\/p>\n<h2>Precintos Fiscales en el per\u00edodo del Gremio (1892 &#8211; 1908)<\/h2>\n<figure id=\"attachment_15108\" class=\"alignleft fixed\" style=\"width: 300px;\"><a class=\"zoom-hover fb\" data-fancybox-group=\"post-15250\" data-fancybox-title=\"Caja del Gremio con Fototipia y Precinto Fiscal\" href=\"http:\/\/inserts.org.uk\/wp-content\/uploads\/2018\/03\/Spain-Box-SF058a.jpg\"><img loading=\"lazy\" decoding=\"async\" class=\"wp-image-15108\" src=\"http:\/\/inserts.org.uk\/wp-content\/uploads\/2018\/03\/Spain-Box-SF058a.jpg\" alt=\"\" width=\"300\" height=\"225\" srcset=\"https:\/\/inserts.org.uk\/wp-content\/uploads\/2018\/03\/Spain-Box-SF058a.jpg 1600w, https:\/\/inserts.org.uk\/wp-content\/uploads\/2018\/03\/Spain-Box-SF058a-300x225.jpg 300w, https:\/\/inserts.org.uk\/wp-content\/uploads\/2018\/03\/Spain-Box-SF058a-768x576.jpg 768w, https:\/\/inserts.org.uk\/wp-content\/uploads\/2018\/03\/Spain-Box-SF058a-1024x768.jpg 1024w, https:\/\/inserts.org.uk\/wp-content\/uploads\/2018\/03\/Spain-Box-SF058a-80x60.jpg 80w, https:\/\/inserts.org.uk\/wp-content\/uploads\/2018\/03\/Spain-Box-SF058a-56x42.jpg 56w, https:\/\/inserts.org.uk\/wp-content\/uploads\/2018\/03\/Spain-Box-SF058a-1090x818.jpg 1090w, https:\/\/inserts.org.uk\/wp-content\/uploads\/2018\/03\/Spain-Box-SF058a-535x401.jpg 535w, https:\/\/inserts.org.uk\/wp-content\/uploads\/2018\/03\/Spain-Box-SF058a-350x263.jpg 350w, https:\/\/inserts.org.uk\/wp-content\/uploads\/2018\/03\/Spain-Box-SF058a-258x194.jpg 258w, https:\/\/inserts.org.uk\/wp-content\/uploads\/2018\/03\/Spain-Box-SF058a-1140x855.jpg 1140w, https:\/\/inserts.org.uk\/wp-content\/uploads\/2018\/03\/Spain-Box-SF058a-112x84.jpg 112w\" sizes=\"auto, (max-width: 300px) 100vw, 300px\" \/><\/a><figcaption>Caja del Gremio con Fototipia y Precinto Fiscal<\/figcaption><\/figure>\n<p id=\"tw-target-text\" class=\"tw-data-text tw-ta tw-text-small\" dir=\"ltr\" data-placeholder=\"Translation\"><span lang=\"es\">El <a href=\"http:\/\/inserts.org.uk\/index.php\/es\/introduccion\/gremio-de-fabricantes-de-fosforos-de-espana-2\/\"><strong>Gremio<\/strong><\/a> us\u00f3 Precintos o &#8220;banderolas&#8221; que fueron t\u00edpicamente rectangulares, largas y de forma estrecha.<\/span><\/p>\n<p>Aqu\u00ed hay un ejemplo de una caja del Gremio que contiene una Fototipia y con una banderola intacta.<\/p>\n<p id=\"tw-target-text\" class=\"tw-data-text tw-ta tw-text-small\" dir=\"ltr\" data-placeholder=\"Translation\"><span lang=\"es\">Josep Thomas de Barcelona imprimi\u00f3 muchas de esas banderolas, y su nombre es visible en ellas.<\/span><\/p>\n<p dir=\"ltr\" data-placeholder=\"Translation\">&nbsp;<\/p>\n<h2>Precintos Fiscales despu\u00e9s de 1908<\/h2>\n<p id=\"tw-target-text\" class=\"tw-data-text tw-ta tw-text-small\" dir=\"ltr\" data-placeholder=\"Translation\"><span lang=\"es\">Despu\u00e9s de 1908, la propiedad de la industria cerilleria espa\u00f1ola cambi\u00f3 del Gremio a Hacienda P\u00fablica, que continu\u00f3 usando este tipo de Precinto Fiscal, probablemente hasta la Guerra Civil (1936 &#8211; 39). Aqu\u00ed hay un ejemplo de un Precinto de Hacienda P\u00fablica.<\/span><\/p>\n<figure id=\"attachment_15164\" class=\"alignleft fixed\" style=\"width: 400px;\"><a class=\"zoom-hover fb\" data-fancybox-group=\"post-15250\" data-fancybox-title=\"Precinto de Hacienda P\u00fablica\" href=\"http:\/\/inserts.org.uk\/wp-content\/uploads\/2018\/03\/Tax-Stamps-other.png\"><img loading=\"lazy\" decoding=\"async\" class=\"wp-image-15164\" src=\"http:\/\/inserts.org.uk\/wp-content\/uploads\/2018\/03\/Tax-Stamps-other.png\" alt=\"\" width=\"400\" height=\"110\" srcset=\"https:\/\/inserts.org.uk\/wp-content\/uploads\/2018\/03\/Tax-Stamps-other.png 605w, https:\/\/inserts.org.uk\/wp-content\/uploads\/2018\/03\/Tax-Stamps-other-300x82.png 300w, https:\/\/inserts.org.uk\/wp-content\/uploads\/2018\/03\/Tax-Stamps-other-219x60.png 219w, https:\/\/inserts.org.uk\/wp-content\/uploads\/2018\/03\/Tax-Stamps-other-56x15.png 56w, https:\/\/inserts.org.uk\/wp-content\/uploads\/2018\/03\/Tax-Stamps-other-535x147.png 535w, https:\/\/inserts.org.uk\/wp-content\/uploads\/2018\/03\/Tax-Stamps-other-350x96.png 350w, https:\/\/inserts.org.uk\/wp-content\/uploads\/2018\/03\/Tax-Stamps-other-258x71.png 258w, https:\/\/inserts.org.uk\/wp-content\/uploads\/2018\/03\/Tax-Stamps-other-112x31.png 112w\" sizes=\"auto, (max-width: 400px) 100vw, 400px\" \/><\/a><figcaption>Precinto de Hacienda P\u00fablica<\/figcaption><\/figure>\n<p>&nbsp;<\/p>\n<h2>&nbsp;<\/h2>\n<h2>&nbsp;<\/h2>\n<h2>Precintos Fiscales de otros pa\u00edses<\/h2>\n<p>Aqu\u00ed hay algunos ejemplos de Precintos Fiscales usados en otros pa\u00edses.<\/p>\nngg_shortcode_0_placeholder\n<p>&nbsp;<\/p>\n","protected":false},"excerpt":{"rendered":"<p>Los gobiernos de todo el mundo a menudo han utilizados unos Precintos Fiscales para recaudar fondos adicionales para su Ministerio de Hacienda mediante la imposici\u00f3n de un impuesto espec\u00edfico sobre bienes de consumo de gran volumen, como las cajas de cerillas y cigarillos.&nbsp; El registro m\u00e1s antiguo de su uso en cajas de cerillas es [&hellip;] <a href=\"https:\/\/inserts.org.uk\/index.php\/es\/precintos-fiscales\/\" class=\"more-link\">Read more<i class=\"icon-arrow-line-right\"><\/i><\/a><\/p>\n","protected":false},"author":1,"featured_media":0,"parent":0,"menu_order":0,"comment_status":"closed","ping_status":"closed","template":"","meta":{"ngg_post_thumbnail":0,"footnotes":""},"class_list":["post-15250","page","type-page","status-publish","hentry"],"_links":{"self":[{"href":"https:\/\/inserts.org.uk\/index.php\/wp-json\/wp\/v2\/pages\/15250","targetHints":{"allow":["GET"]}}],"collection":[{"href":"https:\/\/inserts.org.uk\/index.php\/wp-json\/wp\/v2\/pages"}],"about":[{"href":"https:\/\/inserts.org.uk\/index.php\/wp-json\/wp\/v2\/types\/page"}],"author":[{"embeddable":true,"href":"https:\/\/inserts.org.uk\/index.php\/wp-json\/wp\/v2\/users\/1"}],"replies":[{"embeddable":true,"href":"https:\/\/inserts.org.uk\/index.php\/wp-json\/wp\/v2\/comments?post=15250"}],"version-history":[{"count":22,"href":"https:\/\/inserts.org.uk\/index.php\/wp-json\/wp\/v2\/pages\/15250\/revisions"}],"predecessor-version":[{"id":29874,"href":"https:\/\/inserts.org.uk\/index.php\/wp-json\/wp\/v2\/pages\/15250\/revisions\/29874"}],"wp:attachment":[{"href":"https:\/\/inserts.org.uk\/index.php\/wp-json\/wp\/v2\/media?parent=15250"}],"curies":[{"name":"wp","href":"https:\/\/api.w.org\/{rel}","templated":true}]}}