{"id":3227,"date":"2017-11-04T12:03:25","date_gmt":"2017-11-04T12:03:25","guid":{"rendered":"http:\/\/inserts.org.uk\/?page_id=3227"},"modified":"2019-06-12T18:55:34","modified_gmt":"2019-06-12T18:55:34","slug":"contactar","status":"publish","type":"page","link":"https:\/\/inserts.org.uk\/index.php\/es\/contactar\/","title":{"rendered":"Contactar"},"content":{"rendered":"<p>Muchas gracias por haber visitado nuestro sitio web.&nbsp;Nos gustar\u00eda dar a conocer sus pensamientos, comentarios, sugerenc\u00edas y preguntas sobre ello.<\/p>\n<ul>\n<li>contactarnos aqu\u00ed :&nbsp;<a href=\"mailto:info@inserts.org.uk\">info@inserts.org.uk<\/a><\/li>\n<\/ul>\n<p>Si le ha disfrutado de este sitio, tambi\u00e9n le podr\u00eda gustar nuestro otro sitio de cajas de cerillas : <a href=\"http:\/\/www.old-cornish-mines.co.uk\" target=\"_blank\" rel=\"noopener\"><strong>Old Cornish Mines<\/strong><\/a>.<\/p>\n<p>Para obtener informaci\u00f3n completa sobre coleccionar las cajas de cerillas, visitar el sitio web del&nbsp;<strong><a href=\"http:\/\/www.phillumeny.com\/\" target=\"_blank\" rel=\"noopener\">British Matchbox Label y Bookmatch Society<\/a>.<\/strong><\/p>\n<p>&nbsp;<\/p>\n","protected":false},"excerpt":{"rendered":"<p>Muchas gracias por haber visitado nuestro sitio web.&nbsp;Nos gustar\u00eda dar a conocer sus pensamientos, comentarios, sugerenc\u00edas y preguntas sobre ello. contactarnos aqu\u00ed :&nbsp;info@inserts.org.uk Si le ha disfrutado de este sitio, tambi\u00e9n le podr\u00eda gustar nuestro otro sitio de cajas de cerillas : Old Cornish Mines. Para obtener informaci\u00f3n completa sobre coleccionar las cajas de cerillas, [&hellip;] <a href=\"https:\/\/inserts.org.uk\/index.php\/es\/contactar\/\" class=\"more-link\">Read more<i class=\"icon-arrow-line-right\"><\/i><\/a><\/p>\n","protected":false},"author":1,"featured_media":0,"parent":0,"menu_order":0,"comment_status":"closed","ping_status":"closed","template":"","meta":{"ngg_post_thumbnail":0,"footnotes":""},"class_list":["post-3227","page","type-page","status-publish","hentry"],"_links":{"self":[{"href":"https:\/\/inserts.org.uk\/index.php\/wp-json\/wp\/v2\/pages\/3227","targetHints":{"allow":["GET"]}}],"collection":[{"href":"https:\/\/inserts.org.uk\/index.php\/wp-json\/wp\/v2\/pages"}],"about":[{"href":"https:\/\/inserts.org.uk\/index.php\/wp-json\/wp\/v2\/types\/page"}],"author":[{"embeddable":true,"href":"https:\/\/inserts.org.uk\/index.php\/wp-json\/wp\/v2\/users\/1"}],"replies":[{"embeddable":true,"href":"https:\/\/inserts.org.uk\/index.php\/wp-json\/wp\/v2\/comments?post=3227"}],"version-history":[{"count":14,"href":"https:\/\/inserts.org.uk\/index.php\/wp-json\/wp\/v2\/pages\/3227\/revisions"}],"predecessor-version":[{"id":29854,"href":"https:\/\/inserts.org.uk\/index.php\/wp-json\/wp\/v2\/pages\/3227\/revisions\/29854"}],"wp:attachment":[{"href":"https:\/\/inserts.org.uk\/index.php\/wp-json\/wp\/v2\/media?parent=3227"}],"curies":[{"name":"wp","href":"https:\/\/api.w.org\/{rel}","templated":true}]}}