{"id":3351,"date":"2017-11-05T11:55:14","date_gmt":"2017-11-05T11:55:14","guid":{"rendered":"http:\/\/inserts.org.uk\/?page_id=3351"},"modified":"2019-07-14T08:47:08","modified_gmt":"2019-07-14T08:47:08","slug":"imprentas","status":"publish","type":"page","link":"https:\/\/inserts.org.uk\/index.php\/es\/introduccion\/imprentas\/","title":{"rendered":"Las Imprentas"},"content":{"rendered":"<figure id=\"attachment_11139\" class=\"alignright fixed\" style=\"width: 500px;\"><a class=\"zoom-hover fb\" data-fancybox-group=\"post-3351\" data-fancybox-title=\"Ejemplos de &#8216;manumarks&#8217;\" href=\"http:\/\/inserts.org.uk\/wp-content\/uploads\/2018\/02\/Manumarks-highlights-1.jpg\"><img loading=\"lazy\" decoding=\"async\" class=\"wp-image-11139\" src=\"http:\/\/inserts.org.uk\/wp-content\/uploads\/2018\/02\/Manumarks-highlights-1.jpg\" alt=\"\" width=\"500\" height=\"227\" srcset=\"https:\/\/inserts.org.uk\/wp-content\/uploads\/2018\/02\/Manumarks-highlights-1.jpg 1294w, https:\/\/inserts.org.uk\/wp-content\/uploads\/2018\/02\/Manumarks-highlights-1-300x136.jpg 300w, https:\/\/inserts.org.uk\/wp-content\/uploads\/2018\/02\/Manumarks-highlights-1-768x348.jpg 768w, https:\/\/inserts.org.uk\/wp-content\/uploads\/2018\/02\/Manumarks-highlights-1-1024x465.jpg 1024w, https:\/\/inserts.org.uk\/wp-content\/uploads\/2018\/02\/Manumarks-highlights-1-132x60.jpg 132w, https:\/\/inserts.org.uk\/wp-content\/uploads\/2018\/02\/Manumarks-highlights-1-56x25.jpg 56w, https:\/\/inserts.org.uk\/wp-content\/uploads\/2018\/02\/Manumarks-highlights-1-1090x494.jpg 1090w, https:\/\/inserts.org.uk\/wp-content\/uploads\/2018\/02\/Manumarks-highlights-1-535x243.jpg 535w, https:\/\/inserts.org.uk\/wp-content\/uploads\/2018\/02\/Manumarks-highlights-1-350x159.jpg 350w, https:\/\/inserts.org.uk\/wp-content\/uploads\/2018\/02\/Manumarks-highlights-1-258x117.jpg 258w, https:\/\/inserts.org.uk\/wp-content\/uploads\/2018\/02\/Manumarks-highlights-1-1140x517.jpg 1140w, https:\/\/inserts.org.uk\/wp-content\/uploads\/2018\/02\/Manumarks-highlights-1-112x51.jpg 112w\" sizes=\"auto, (max-width: 500px) 100vw, 500px\" \/><\/a><figcaption>Ejemplos de &#8216;manumarks&#8217;<\/figcaption><\/figure>\n<p id=\"tw-target-text\" class=\"tw-data-text tw-ta tw-text-small\" dir=\"ltr\" data-placeholder=\"Translation\"><span lang=\"es\">Se utiliz\u00f3 una combinaci\u00f3n de t\u00e9cnicas de impresi\u00f3n fotogr\u00e1fica y grabada para las Fototipias.<\/span><\/p>\n<p>Las marcas de la imprenta (&#8216;manumarks&#8217;) se pueden ver en diecisiete de las Series, proveidas por dos imprentas con sede en Barcelona :<\/p>\n<ol>\n<li>Samsot y Misse (quien imprimi\u00f3 doce Series)<\/li>\n<li>J. Thomas (quien imprimi\u00f3 cinco Series)<\/li>\n<\/ol>\n<p><span lang=\"es\">La tabla a continuaci\u00f3n muestra los manumarks que se pueden encontrar en las Fototipias.&nbsp;Sin embargo, esto&nbsp;deja veinticuatro Series cuyas imprentas no est\u00e1n identificadas.<br \/>\n<\/span><div id='wpt-table-1776357413916' class=''><\/div><script type='text\/javascript'>(function() {function createTable() {if (window.wpt) {window.wpt.createTable({\"_id_div\":\"wpt-table-1776357413916\",\"_ctrl_url\":\"https:\\\/\\\/inserts.org.uk\\\/wp-admin\\\/admin-ajax.php?action=wpt_load_data&amp;table=3781&amp;_wpnonce=bb343ab732\",\"width\":\"100%\",\"height\":null,\"sorting\":false,\"selecting\":false,\"heading\":true,\"paging\":true,\"pageSize\":\"20\",\"autoload\":true,\"fields\":[{\"name\":\"f0\",\"title\":\"Manumark \\\/ imprenta\",\"type\":\"text\",\"visible\":true,\"width\":\"60\",\"align\":\"center\",\"format\":\"\",\"currency_symbol\":\"\"},{\"name\":\"f1\",\"title\":\"Serie imprimida\",\"type\":\"text\",\"visible\":true,\"width\":\"40\",\"align\":\"center\",\"format\":\"\",\"currency_symbol\":\"\"}]});} else {setTimeout(createTable, 100);}}createTable();})();<\/script><\/p>\n<p id=\"tw-target-text\" class=\"tw-data-text tw-ta tw-text-small\" dir=\"ltr\" data-placeholder=\"Translation\"><span lang=\"es\">Los procesos de litograf\u00eda Espa\u00f1ola a princ\u00edpios del siglo XX se encontraban entre los m\u00e1s avanzados de Europa, como puede verse por la calidad de las etiquetas de las cajas de cerillas de la \u00e9poca, as\u00ed como de las Fototipias.<\/span><\/p>\n<p class=\"tw-data-text tw-ta tw-text-small\" dir=\"ltr\" data-placeholder=\"Translation\"><span lang=\"es\">Las Fototipias fueron imprimidas en <a href=\"http:\/\/inserts.org.uk\/index.php\/es\/las-series\/las-series-explicadas\/hojas-de-imprenta\/\"><strong>hojas<\/strong><\/a> de diferentes tama\u00f1os con 30 o m\u00e1s Fototipias en cada hoja. S<\/span>e emplearon m\u00e9todos manuales para cortar las Fototipias individuales de las hojas impresas, lo que explica por qu\u00e9 hay alguna variaci\u00f3n en el tama\u00f1o de las Fototipias encontradas.&nbsp;Desafortunadamente, de momento no tenemos conocimiento de la duraci\u00f3n de las tiradas de impresi\u00f3n utilizadas ni del n\u00famero de hojas impresas.<\/p>\n<h2 id=\"wpt-table-1509882860918\" class=\"jsgrid\"><strong>J.THOMAS \u2013 de Barcelona<\/strong><\/h2>\n<figure id=\"attachment_12083\" class=\"alignright fixed\" style=\"width: 280px;\"><a class=\"zoom-hover fb\" data-fancybox-group=\"post-3351\" data-fancybox-title=\"Josep Thom\u00e0s i Bigas\" href=\"http:\/\/inserts.org.uk\/wp-content\/uploads\/2018\/02\/Josep-Thomas-i-Bigas-1910-1.jpg\"><img loading=\"lazy\" decoding=\"async\" class=\"wp-image-12083\" src=\"http:\/\/inserts.org.uk\/wp-content\/uploads\/2018\/02\/Josep-Thomas-i-Bigas-1910-1.jpg\" alt=\"\" width=\"280\" height=\"350\" srcset=\"https:\/\/inserts.org.uk\/wp-content\/uploads\/2018\/02\/Josep-Thomas-i-Bigas-1910-1.jpg 1200w, https:\/\/inserts.org.uk\/wp-content\/uploads\/2018\/02\/Josep-Thomas-i-Bigas-1910-1-240x300.jpg 240w, https:\/\/inserts.org.uk\/wp-content\/uploads\/2018\/02\/Josep-Thomas-i-Bigas-1910-1-768x959.jpg 768w, https:\/\/inserts.org.uk\/wp-content\/uploads\/2018\/02\/Josep-Thomas-i-Bigas-1910-1-820x1024.jpg 820w, https:\/\/inserts.org.uk\/wp-content\/uploads\/2018\/02\/Josep-Thomas-i-Bigas-1910-1-48x60.jpg 48w, https:\/\/inserts.org.uk\/wp-content\/uploads\/2018\/02\/Josep-Thomas-i-Bigas-1910-1-56x70.jpg 56w, https:\/\/inserts.org.uk\/wp-content\/uploads\/2018\/02\/Josep-Thomas-i-Bigas-1910-1-1090x1361.jpg 1090w, https:\/\/inserts.org.uk\/wp-content\/uploads\/2018\/02\/Josep-Thomas-i-Bigas-1910-1-535x668.jpg 535w, https:\/\/inserts.org.uk\/wp-content\/uploads\/2018\/02\/Josep-Thomas-i-Bigas-1910-1-350x437.jpg 350w, https:\/\/inserts.org.uk\/wp-content\/uploads\/2018\/02\/Josep-Thomas-i-Bigas-1910-1-258x322.jpg 258w, https:\/\/inserts.org.uk\/wp-content\/uploads\/2018\/02\/Josep-Thomas-i-Bigas-1910-1-1140x1423.jpg 1140w, https:\/\/inserts.org.uk\/wp-content\/uploads\/2018\/02\/Josep-Thomas-i-Bigas-1910-1-112x140.jpg 112w\" sizes=\"auto, (max-width: 280px) 100vw, 280px\" \/><\/a><figcaption>Josep Thom\u00e0s i Bigas<\/figcaption><\/figure>\n<p>El propietario y director de la imprenta de &#8216;J. Thomas&#8217; fue Josep Thom\u00e0s i Bigas (1852 &#8211; 1910). Dentro de su edificio de tres pisos especialmente dise\u00f1ado, tanto la fotograf\u00eda como la impresi\u00f3n se llevaron a cabo para una amplia gama de trabajos de impresi\u00f3n, incluida la producci\u00f3n de Fototipias y etiquetas de las caja de cerillas.<\/p>\n<p>El arquitecto Luis Dom\u00e9nech i Montaner plane\u00f3 y dirigi\u00f3 la construcci\u00f3n de las instalaciones en 1895, que entonces era una de las industrias de artes gr\u00e1ficas m\u00e1s avanzadas de Europa.<\/p>\n<p>Josep Thomas muri\u00f3 en 1910 en Berna, Suiza, pero la casa de Thomas sigi\u00f3 operando hasta 1973 cuando finalmente se cerr\u00f3. Hoy vemos que el edificio se ha convertido en apartamentos de lujo.<\/p>\n<h2><strong>SAMSOT y MISSE \u2013 de Barcelona<\/strong><\/h2>\n<p>En el momento de cotejar estos detalles de la producci\u00f3n de Fototipias, a\u00fan no se han descubierto detalles de esta imprenta. Solo podemos decir que las Fototipias de esta empresa eran de igual calidad que las de J. Thomas y las manumarks muestran que Samsot &amp; Misse se usaron para doce de las Series.<\/p>\n<p><em><a href=\"http:\/\/inserts.org.uk\/index.php\/es\/las-series\/todas-las-series\/\">Aqu\u00ed<\/a> se muestra una lista tabulada de todas las Series.<\/em><\/p>\n<h2>\u00c1LBUMES PARA COLECCIONISTAS<\/h2>\n<p>Con el fin de animar a la gente a coleccionar las Fototipias, el&nbsp;<strong><a href=\"http:\/\/inserts.org.uk\/index.php\/es\/gremio-de-fabricantes-de-fosforos-de-espana-2\/\">Gremio<\/a><\/strong>&nbsp;encarg\u00f3 una cantidad de <strong><a href=\"http:\/\/inserts.org.uk\/index.php\/es\/albumes\/los-albumes-explicados\/\">\u00e1lbumes y hojas<\/a><\/strong> especialmente dise\u00f1ados para las Fototipias, que se pod\u00edan comprar en varios puntos de venta. Desafortunadamente, las imprentas de esos \u00e1lbumes no son conocidas.<\/p>\n","protected":false},"excerpt":{"rendered":"<p>Se utiliz\u00f3 una combinaci\u00f3n de t\u00e9cnicas de impresi\u00f3n fotogr\u00e1fica y grabada para las Fototipias. Las marcas de la imprenta (&#8216;manumarks&#8217;) se pueden ver en diecisiete de las Series, proveidas por dos imprentas con sede en Barcelona : Samsot y Misse (quien imprimi\u00f3 doce Series) J. Thomas (quien imprimi\u00f3 cinco Series) La tabla a continuaci\u00f3n muestra [&hellip;] <a href=\"https:\/\/inserts.org.uk\/index.php\/es\/introduccion\/imprentas\/\" class=\"more-link\">Read more<i class=\"icon-arrow-line-right\"><\/i><\/a><\/p>\n","protected":false},"author":1,"featured_media":0,"parent":11197,"menu_order":3,"comment_status":"closed","ping_status":"closed","template":"","meta":{"ngg_post_thumbnail":0,"footnotes":""},"class_list":["post-3351","page","type-page","status-publish","hentry"],"_links":{"self":[{"href":"https:\/\/inserts.org.uk\/index.php\/wp-json\/wp\/v2\/pages\/3351","targetHints":{"allow":["GET"]}}],"collection":[{"href":"https:\/\/inserts.org.uk\/index.php\/wp-json\/wp\/v2\/pages"}],"about":[{"href":"https:\/\/inserts.org.uk\/index.php\/wp-json\/wp\/v2\/types\/page"}],"author":[{"embeddable":true,"href":"https:\/\/inserts.org.uk\/index.php\/wp-json\/wp\/v2\/users\/1"}],"replies":[{"embeddable":true,"href":"https:\/\/inserts.org.uk\/index.php\/wp-json\/wp\/v2\/comments?post=3351"}],"version-history":[{"count":29,"href":"https:\/\/inserts.org.uk\/index.php\/wp-json\/wp\/v2\/pages\/3351\/revisions"}],"predecessor-version":[{"id":29870,"href":"https:\/\/inserts.org.uk\/index.php\/wp-json\/wp\/v2\/pages\/3351\/revisions\/29870"}],"up":[{"embeddable":true,"href":"https:\/\/inserts.org.uk\/index.php\/wp-json\/wp\/v2\/pages\/11197"}],"wp:attachment":[{"href":"https:\/\/inserts.org.uk\/index.php\/wp-json\/wp\/v2\/media?parent=3351"}],"curies":[{"name":"wp","href":"https:\/\/api.w.org\/{rel}","templated":true}]}}